r?
False
Is 115631 a prime number?
True
Is 2705 a prime number?
False
Is 804821 a prime number?
False
Is 366677 prime?
True
Is 1147767 a composite number?
True
Is 34433 prime?
False
Is 33361 prime?
False
Is 1876439 composite?
True
Is 1367 a prime number?
True
Is 277157 composite?
False
Is 45587 prime?
True
Is 9793 composite?
True
Is 15937 a composite number?
False
Is 111859 a composite number?
True
Is 120643 a prime number?
False
Is 1735 prime?
False
Is 11654 prime?
False
Is 31463 composite?
True
Is 74177 a composite number?
False
Is 10057 a prime number?
False
Is 68219 a prime number?
True
Is 72337 prime?
True
Is 32537 a prime number?
True
Is 952097 a composite number?
False
Is 21461 a prime number?
False
Is 911357 a composite number?
False
Is 636655 a prime number?
False
Is 4327 prime?
True
Is 55973 prime?
False
Is 33043 prime?
False
Is 1176281 prime?
False
Is 124511 a prime number?
False
Is 31853 composite?
True
Is 45273 prime?
False
Is 1346737 prime?
False
Is 42203 a prime number?
False
Is 314851 composite?
False
Is 1447707 prime?
False
Is 68755 composite?
True
Is 26899 a composite number?
True
Is 79939 a prime number?
True
Is 1495183 composite?
True
Is 1651 a composite number?
True
Is 1759 a composite number?
False
Is 865 a prime number?
False
Is 42373 a prime number?
True
Is 695 prime?
False
Is 41879 prime?
True
Is 110009 composite?
True
Is 131129 composite?
False
Is 175737 prime?
False
Is 106637 composite?
False
Is 87 prime?
False
Is 202558 a composite number?
True
Is 59887 prime?
True
Is 557 prime?
True
Is 427213 a prime number?
True
Is 1382487 a prime number?
False
Is 25378 prime?
False
Is 648833 a composite number?
True
Is 22513 prime?
False
Is 39659 prime?
True
Is 9227 a prime number?
True
Is 285751 prime?
False
Is 397 a composite number?
False
Is 225229 a prime number?
False
Is 1454 a prime number?
False
Is 47599 a composite number?
False
Is 243797 a composite number?
True
Is 42061 prime?
True
Is 19417 a prime number?
True
Is 27179 a prime number?
True
Is 217043 prime?
False
Is 77081 a composite number?
False
Is 31741 prime?
True
Is 16183 a prime number?
True
Is 33505 prime?
False
Is 23401 composite?
True
Is 80221 prime?
True
Is 5779 a composite number?
False
Is 104245 a composite number?
True
Is 1194707 prime?
True
Is 27233 composite?
True
Is 2285 prime?
False
Is 12149 prime?
True
Is 39661 prime?
False
Is 14689 prime?
False
Is 24317 prime?
True
Is 143669 a prime number?
True
Is 374909 a composite number?
False
Is 57517 a composite number?
True
Is 25765 composite?
True
Is 28453 a prime number?
False
Is 3821 a composite number?
False
Is 405799 a composite number?
False
Is 6503 composite?
True
Is 7807 a composite number?
True
Is 22679 composite?
False
Is 16519 prime?
True
Is 114035 a prime number?
False
Is 25859 a prime number?
False
Is 62941 composite?
True
Is 610913 a prime number?
True
Is 42589 a prime number?
True
Is 7897 a prime number?
False
Is 8147 prime?
True
Is 124789 a prime number?
False
Is 10937 composite?
False
Is 403357 prime?
False
Is 171793 a composite number?
False
Is 497879 a composite number?
True
Is 907 a prime number?
True
Is 23899 a composite number?
False
Is 17583 prime?
False
Is 152921 a composite number?
True
Is 104231 composite?
False
Is 11351 a prime number?
True
Is 450514 prime?
False
Is 29409 composite?
True
Is 1867 prime?
True
Is 7583 a composite number?
False
Is 206699 composite?
False
Is 72026 a prime number?
False
Is 5414 composite?
True
Is 374639 composite?
False
Is 466703 prime?
False
Is 40099 a composite number?
False
Is 13291 prime?
True
Is 76231 a composite number?
False
Is 410003 a composite number?
True
Is 42707 a composite number?
True
Is 28151 composite?
False
Is 1158161 prime?
True
Is 601127 composite?
False
Is 49721 composite?
True
Is 563573 a prime number?
False
Is 74537 prime?
False
Is 398407 composite?
False
Is 11549 a prime number?
True
Is 3309 a composite number?
True
Is 204805 a prime number?
False
Is 3989 a composite number?
False
Is 1285265 a prime number?
False
Is 1310191 composite?
True
Is 3491 a composite number?
False
Is 2759 a composite number?
True
Is 3153187 a prime number?
False
Is 260941 composite?
False
Is 223781 composite?
False
Is 13577 composite?
False
Is 76631 a prime number?
True
Is 2819 a prime number?
True
Is 3522157 a prime number?
True
Is 105283 a prime number?
False
Is 695613 a prime number?
False
Is 15391 a prime number?
True
Is 272759 a prime number?
True
Is 127901 a prime number?
False
Is 2857247 a composite number?
False
Is 19534 composite?
True
Is 1576283 composite?
False
Is 784481 a prime number?
True
Is 3779 prime?
True
Is 240997 prime?
True
Is 229263 a prime number?
False
Is 2616071 prime?
True
Is 26747 a composite number?
True
Is 4423 a composite number?
False
Is 1386551 a prime number?
True
Is 45777 prime?
False
Is 60701 composite?
True
Is 252277 composite?
False
Is 100249 a prime number?
False
Is 63991 composite?
True
Is 767573 prime?
False
Is 288647 a prime number?
True
Is 57643 a composite number?
True
Is 67327 composite?
True
Is 4487 prime?
False
Is 12695 a composite number?
True
Is 205507 a prime number?
True
Is 967 composite?
False
Is 65167 composite?
False
Is 82849 a composite number?
True
Is 62759 a prime number?
False
Is 6623 a composite number?
True
Is 229351 composite?
False
Is 162119 composite?
False
Is 196763 a prime number?
False
Is 54391 a composite number?
True
Is 123271 a composite number?
True
Is 3137 a composite number?
False
Is 866971 prime?
False
Is 26233 composite?
True
Is 308119 prime?
False
Is 194569 prime?
True
Is 1685381 a composite number?
False
Is 43447 a composite number?
True
Is 31637 composite?
True
Is 10771 composite?
False
Is 12473 a composite number?
False
Is 241907 composite?
False
Is 9413 a composite number?
False
Is 70249 prime?
True
Is 77911 a composite number?
True
Is 2429 prime?
False
Is 120521 prime?
False
Is 52621 prime?
False
Is 594421 a prime number?
True
Is 157 a prime number?
True
Is 922021 a prime number?
True
Is 400823 composite?
False
Is 485587 a composite number?
False
Is 213713 composite?
False
Is 1966 prime?
False
Is 1478 prime?
False
Is 534187 composite?
True
Is 2533 composite?
True
Is 112061 prime?
True
Is 75133 a composite number?
False
Is 1272421 a composite number?
False
Is 30017 a composite number?
True
Is 10061 a prime number?
True
Is 911 prime?
True
Is 2503 prime?
True
Is 2210723 a composite number?
False
Is 278899 prime?
False
Is 73274 composite?
True
Is 5189 composite?
False
Is 3613 a composite number?
False
Is 131203 composite?
False
Is 56299 a composite number?
False
Is 153886 prime?
False
Is 12333 composite?
True
Is 43201 prime?
True
Is 415693 a prime number?
False
Is 262433 a composite number?
False
Is 192563 composite?
True
Is 15371 a composite number?
True
Is 6343 a composite number?
False
Is 2777 a prime number?
True
Is 6053 composite?
False
Is 5747 a composite number?
True
Is 365437 a prime number?
False
Is 332201 a composite number?
False
Is 38519 prime?
False
Is 3163 a prime number?
True
Is 1317 a composite number?
True
Is 506573 a prime number?
True
Is 1133 a prime number?
False
Is 341305 composite?
True
Is 256378 composite?
True
Is 4595 a composite number?
True
Is 15935 composite?
True
Is 21833 composite?
True
Is 747139 a prime number?
True
Is 256279 prime?
True
Is 3691 prime?
True
Is 80351 a prime number?
False
Is 37129 a composite number?
True
Is 886409 a composite number?
True
Is 38113 composite?
False
Is 23189 a prime number?
True
Is 40483 composite?
False
Is 37099 a prime number?
False
Is 15905 composite?
True
Is 147073 a prime number?
True
Is 4711 a composite number?
True
Is 3802073 a composite number?
True
Is 52223 prime?
True
Is 2518 composite?
True
Is 1399291 a composite number?
True
Is 505231 a prime number?
True
Is 20507 a composite number?
False
Is 1229219 a prime number?
False
Is 245785 a prime number?
False
Is 10147 a prime number?
False
Is 115293 composite?
True
Is 51451 a composite number?
True
Is 136057 a composite number?
False
Is 14431 a composite number?
False
Is 685 composite?
True
Is 159977 a prime number?
True
Is 10427 prime?
True
Is 35023 a composite number?
False
Is 550569 a composite number?
True
Is 5513 prime?
False
Is 17651 prime?
False
Is 102397 a